List the prime factors of (z/(-63))/(x/14).
2, 3
Let o(l) = -l + 1. Let m(s) = -s**2 - 12*s + 30. Let p(k) = -m(k) + 3*o(k). What are the prime factors of p(-12)?
3
Suppose 31*j - 34*j = -12. Suppose 5*n = j*n + 99. List the prime factors of n.
3, 11
Let b(c) = 39*c**2 + 2*c - 13. Let k be b(-4). Suppose 14*h - 17*h = -k. What are the prime factors of h?
3, 67
Let f(g) = -8*g + 16. Let r(b) = -7*b + 17. Let y(q) = -3*f(q) + 2*r(q). List the prime factors of y(11).
2, 3
Let u = 374 + -32. What are the prime factors of u?
2, 3, 19
Let d(r) = 28*r**2 + 19*r + 24. What are the prime factors of d(-7)?
3, 421
Suppose 0 = -2*a + 2*i + 926, 3*i + 0*i - 2299 = -5*a. List the prime factors of a.
461
Let r be 1/((-2)/6 + 2/(-3)). Let f = 95 - r. What are the prime factors of f?
2, 3
Suppose 11*i = 5*i + 6. What are the prime factors of (-21)/(-14) + i/2?
2
Let l = -2182 - -4194. List the prime factors of l.
2, 503
Suppose -8*f + 12*f - 1442 = 5*h, -5*h = 4*f - 1462. What are the prime factors of f?
3, 11
Let x(g) = 4*g**3 - 11*g**2 + 5*g - 31. Let o(p) = -2*p**3 + 6*p**2 - 2*p + 15. Let b(v) = -9*o(v) - 4*x(v). List the prime factors of b(6).
7
Let o(u) = u**3 + 16*u**2 - 64*u. List the prime factors of o(-16).
2
Suppose -4*r + 35 = 3*w, 2*w - 2*r = r - 5. Suppose 0 = -v - 5*u + 12 - 39, 0 = w*u + 25. Let m(k) = -9*k - 3. List the prime factors of m(v).
3, 5
Let m(i) = -56*i - 9. Suppose x + 4*x - 5*r = -5, -19 = 4*x + r. Let n be m(x). Suppose -4*b - 35 = -n. What are the prime factors of b?
3, 5
List the prime factors of (9 + 497/(-21))*-3.
2, 11
Let d be (-45)/(-18)*(-72)/(-10). List the prime factors of -1 + 26 + d + -21.
2, 11
Suppose 0 = 4*g - 4*d - 1424, g - 4*d = -g + 720. List the prime factors of g.
2, 11
Let f(b) = b**3 - 4*b**2 + 5*b - 6. Let n(r) = -r**3 + 3*r + 2. Let t be n(-2). Let k be f(t). Let j = 30 - k. List the prime factors of j.
2
Let g be 3 + -1 + 0 + 3. Suppose z + 2 = 6, -2*s - g*z = -736. List the prime factors of s.
2, 179
Let d(t) = 427*t**2 - 10*t + 1. What are the prime factors of d(1)?
2, 11, 19
Suppose 229 = 3*a + 5*r, -2*a + 3*r + 111 = -2*r. Suppose 38 = 2*i - a. List the prime factors of i.
53
List the prime factors of (4/6)/(5/3285).
2, 3, 73
Let q(y) = -y - 3. Let v be q(-8). Suppose -v = 3*b - 2. List the prime factors of 2/b - 14/(-1).
2, 3
Suppose -17*m - 2028 = -23*m. List the prime factors of m.
2, 13
Let r(n) = -2850*n**3 + 2*n**2 + 3*n + 2. List the prime factors of r(-1).
2851
Let l(r) = -r**3 - 18*r**2 + 19*r + 110. What are the prime factors of l(-21)?
2, 11, 47
Let z be 1/2*(56 + -4). Suppose -z = -4*n + 166. What are the prime factors of n?
2, 3
Let c(g) = -10*g - 13. Let b be c(-6). Let n be b + 3 - (1 - 3). Suppose o - n = -0. List the prime factors of o.
2, 13
Suppose 27*z - 23*z = 12. Suppose w - 55 = y + 29, 0 = z*w + 4*y - 245. List the prime factors of w.
83
Suppose -180 = -3*v + 4*l, 3*l - l - 326 = -5*v. List the prime factors of v.
2
Let p = 1561 + 2161. What are the prime factors of p?
2, 1861
Let b be 2 - ((0 - -3) + -3). Suppose -b*s - 3*s = 0. Suppose s = -9*w - 0*w + 414. List the prime factors of w.
2, 23
Let z(p) = -p - 5. Let s be z(-7). Suppose 26 = c + s. Suppose -5*g + c = -v - v, 2*g = 4*v. List the prime factors of g.
2, 3
Let z(q) = -4*q - 9. Let y(a) = 3*a + 6. Let r(b) = 7*y(b) + 5*z(b). Let f be r(7). List the prime factors of f + (35 + -2 - 3).
2, 17
Suppose -2*d - 2*f + 1360 = 0, 5*d - 3*f - 1861 = 1547. List the prime factors of d.
3, 227
Let i be (-8)/(-28) - (-66)/14. Suppose 4*k + 4 + 35 = -5*c, i*k + 56 = c. Let j(n) = -6*n - 9. What are the prime factors of j(k)?
3, 19
Let s be 93/33 + 6/33. What are the prime factors of -2*1 + 108/s?
2, 17
Suppose 0 = -555*b + 548*b + 4613. List the prime factors of b.
659
Let u(r) = 109*r**2 + 74*r - 530. What are the prime factors of u(6)?
2, 19, 101
What are the prime factors of 23881/39 + (3 - 20/6)?
2, 3, 17
Suppose 2*b = 5*b. Suppose r + 0 = -4, b = -v - 3*r - 21. What are the prime factors of (3 + -8)/(3/v)?
3, 5
Let l = -2373 - -5830. List the prime factors of l.
3457
Let m(w) = -2*w + 39. Let l(t) = -t + 19. Let c(i) = 5*l(i) - 2*m(i). List the prime factors of c(6).
11
Let h(t) = -459*t**3 - t**2 + 3*t + 3. What are the prime factors of h(-1)?
2, 229
What are the prime factors of ((-2)/(-3))/(271672/90552 - 3)?
7, 11
Suppose -309 = -2*q + 169. List the prime factors of q.
239
Let w = -862 - -2123. What are the prime factors of w?
13, 97
List the prime factors of -1424*(-8 - 58/(-8)).
2, 3, 89
Let h(y) = -y**3 - 8*y**2 - 68*y + 25. What are the prime factors of h(-12)?
13, 109
Suppose 26*z = 24*z - 2*y + 2454, -4904 = -4*z - 3*y. List the prime factors of z.
1223
Let q be (3/6)/((-3)/(-18)). Let y(i) = 0 + 2*i - 3 + 6 - 9*i**2 + 5 + i**q. What are the prime factors of y(9)?
2, 13
Suppose 5*l + 276 = f, 0 = 5*f - 4*l - 1856 + 413. Suppose 4*s = 3*r + f, -5*s = -0*s - 2*r - 369. What are the prime factors of s?
3, 5
Let s = 362 + 967. List the prime factors of s.
3, 443
Let n(m) = -m**3 - 7 + 13*m - m**2 - 4*m**2 - m**2. List the prime factors of n(-8).
17
Let r(a) = a**3 - a**2 - 1. Let s(h) = -2*h**3 + 2*h. Let z(t) = 3*r(t) + s(t). Let u be z(2). List the prime factors of u/9*-159*1.
53
Let i = 23 - 16. Let c(z) = -2*z**2 + 0 + 11 - i*z + z**2. What are the prime factors of c(-8)?
3
Let w(d) = -d**3 - 4*d**2 + d + 4. Let k be w(-5). List the prime factors of (52/6)/(k/180).
5, 13
Let f be (-1)/(-1) + (17 - 3). Suppose -3*n + 411 = 2*q, 0 = 3*q - f*n + 13*n - 649. List the prime factors of q.
3, 71
Let g be 149/((-6 + 3)/(-3)). Let u = -98 + g. What are the prime factors of u?
3, 17
Let j = 61 - -6. Suppose 0*r + 201 = 3*i + 5*r, i + 5*r - j = 0. What are the prime factors of i?
67
Suppose 2*q - 2 = 4. Let g be (0 + 3 - -14) + 0/10. Suppose g + 34 = q*v. List the prime factors of v.
17
Let f be (1/(-2))/(-4*5/(-200)). What are the prime factors of 882/56 + f/(-4)?
17
Suppose -2*i = -4*m - 1131 - 455, -3983 = -5*i + m. List the prime factors of i.
797
Let b(f) = f**2 - 11*f - 9. Let k be b(12). Suppose k*z - 253 - 167 = 0. Suppose z = 4*h + 32. List the prime factors of h.
3
Let b(l) = 5*l**2 - 1 - 3*l**2 - l**2 - l - l. List the prime factors of b(-3).
2, 7
Let q be ((-1)/3)/((-3)/18). Suppose 3*j - 6*y - 223 = -5*y, q*y - 294 = -4*j. What are the prime factors of j?
2, 37
What are the prime factors of ((0 - 4)/12)/(10/(-54930))?
1831
Let d(r) = -r + 338. What are the prime factors of d(76)?
2, 131
Suppose i - 1 = 0, -i = g + 2*g - 16. Suppose -g*y + 1 = d + 16, 4*y = 3*d - 12. Suppose d*f + 48 = 3*f. List the prime factors of f.
2
Let j be -3*(-1)/3*74. Let h = 10 - 10. Suppose h = 3*v + 3*t - 67 - j, -2*v + 94 = -4*t. What are the prime factors of v?
47
What are the prime factors of 1551 - (-3 - -6) - (-1 + 4)?
3, 5, 103
Let i = 411 + 483. List the prime factors of i.
2, 3, 149
Let s(m) = 7*m - 22. Let y(l) = -8*l + 33. Let h(c) = 209*c - 858. Let w(f) = -3*h(f) - 77*y(f). Let j(n) = -8*s(n) - 5*w(n). List the prime factors of j(6).
5
Let n = -97 + 155. Suppose 0 = 5*f - 27 - n. What are the prime factors of f?
17
Let r = 306 + 294. What are the prime factors of r?
2, 3, 5
Let c(p) = p**3 - 17*p**2 + 5*p - 191. List the prime factors of c(18).
223
Suppose 0 = 2*h + 2, -k + h + 74 = 4*h. Suppose 0 = 80*m - k*m - 201. List the prime factors of m.
67
Suppose 12 = 2*a + a. Suppose a = -3*n - 8*m + 4*m, n + 16 = -5*m. List the prime factors of n/1 - (-35 - 7).
2, 23
Suppose -q - 389 = 4*j, j = 4*q + 4*j + 1621. Let l = -242 - q. List the prime factors of l.
167
Suppose 3*g - 6 = -x + 73, -2*g - 3*x + 41 = 0. Suppose -158 = -3*r + g. List the prime factors of r.
2, 31
Suppose c - 210 = -4*c. Suppose 0 = -2*z + c + 80. List the prime factors of z.
61
Let p = -21 + 26. Suppose p*w + 100 = 475. Let h = w - 41. What are the prime factors of h?
2, 17
Suppose -3*i - 1592 = -6*i - 2*b, 1040 = 2*i - 4*b. What are the prime factors of i?
2, 3, 11
Let u(b) = -b + 7. Let f be u(4). Suppose -3*p + 339 = 3*x, 4*x - 216 = -f*p + 240. Let l = x - 70. What are the prime factors of l?
47
Let b(u) = -193*u**2 + 4 + 0 + 199*u**2 + 3. List the prime factors of b(-3).
61
Let m(y) = y**2 - 19*y + 5005. What are the prime factors of m(0)?
5, 7, 11,